ulate the remainder when 638048 is divided by 37.
20
What is the remainder when 14061 is divided by 4682?
15
What is the remainder when 16925 is divided by 509?
128
What is the remainder when 254577 is divided by 127275?
27
What is the remainder when 6226 is divided by 297?
286
Calculate the remainder when 8003 is divided by 348.
347
What is the remainder when 7837 is divided by 586?
219
Calculate the remainder when 445986 is divided by 206.
202
Calculate the remainder when 12391 is divided by 3093.
19
What is the remainder when 138495 is divided by 243?
228
What is the remainder when 38152 is divided by 9535?
12
Calculate the remainder when 1610 is divided by 1459.
151
Calculate the remainder when 2122 is divided by 975.
172
What is the remainder when 11810 is divided by 3917?
59
What is the remainder when 741 is divided by 7?
6
What is the remainder when 171056 is divided by 3?
2
Calculate the remainder when 973 is divided by 727.
246
What is the remainder when 9917 is divided by 4927?
63
What is the remainder when 78896 is divided by 47?
30
What is the remainder when 13450 is divided by 231?
52
What is the remainder when 7974 is divided by 29?
28
Calculate the remainder when 151232 is divided by 15123.
2
Calculate the remainder when 92154 is divided by 57.
42
Calculate the remainder when 113004 is divided by 485.
484
What is the remainder when 207085 is divided by 309?
55
Calculate the remainder when 1549 is divided by 85.
19
What is the remainder when 1614 is divided by 714?
186
Calculate the remainder when 1106529 is divided by 42.
39
Calculate the remainder when 3770 is divided by 733.
105
What is the remainder when 922 is divided by 172?
62
What is the remainder when 43657 is divided by 695?
567
Calculate the remainder when 1476 is divided by 164.
0
What is the remainder when 17381 is divided by 19?
15
What is the remainder when 10390 is divided by 160?
150
Calculate the remainder when 24221 is divided by 123.
113
Calculate the remainder when 144193 is divided by 93.
43
Calculate the remainder when 131284 is divided by 65574.
136
What is the remainder when 44183 is divided by 1027?
22
What is the remainder when 7139 is divided by 99?
11
Calculate the remainder when 2269 is divided by 142.
139
Calculate the remainder when 5021 is divided by 482.
201
Calculate the remainder when 104718 is divided by 56.
54
Calculate the remainder when 70949 is divided by 367.
118
What is the remainder when 242190 is divided by 884?
858
Calculate the remainder when 9301 is divided by 76.
29
What is the remainder when 449631 is divided by 1635?
6
What is the remainder when 60810 is divided by 20264?
18
Calculate the remainder when 11891 is divided by 1981.
5
What is the remainder when 1907 is divided by 152?
83
Calculate the remainder when 4998 is divided by 217.
7
What is the remainder when 22895 is divided by 53?
52
Calculate the remainder when 35808 is divided by 23.
20
What is the remainder when 189778 is divided by 47430?
58
Calculate the remainder when 4416 is divided by 96.
0
What is the remainder when 1796 is divided by 3?
2
What is the remainder when 576 is divided by 155?
111
Calculate the remainder when 8255 is divided by 87.
77
Calculate the remainder when 8746 is divided by 570.
196
What is the remainder when 24677 is divided by 1025?
77
What is the remainder when 29946 is divided by 93?
0
What is the remainder when 711825 is divided by 169?
166
What is the remainder when 964 is divided by 320?
4
Calculate the remainder when 336 is divided by 265.
71
What is the remainder when 22761 is divided by 84?
81
Calculate the remainder when 6861 is divided by 244.
29
What is the remainder when 4396 is divided by 1028?
284
What is the remainder when 26537 is divided by 13254?
29
Calculate the remainder when 48604 is divided by 12082.
276
Calculate the remainder when 3765 is divided by 468.
21
Calculate the remainder when 28660 is divided by 5731.
5
What is the remainder when 26107 is divided by 160?
27
What is the remainder when 5308 is divided by 296?
276
What is the remainder when 439930 is divided by 43?
40
What is the remainder when 4256 is divided by 10?
6
Calculate the remainder when 465 is divided by 305.
160
What is the remainder when 1429 is divided by 198?
43
What is the remainder when 80173 is divided by 6167?
2
What is the remainder when 23710 is divided by 7900?
10
Calculate the remainder when 720079 is divided by 46.
41
What is the remainder when 5451 is divided by 1155?
831
What is the remainder when 94345 is divided by 442?
199
Calculate the remainder when 21491 is divided by 259.
253
What is the remainder when 13818281 is divided by 367?
364
Calculate the remainder when 6270 is divided by 686.
96
What is the remainder when 7320608 is divided by 305?
303
What is the remainder when 1966 is divided by 854?
258
Calculate the remainder when 1156 is divided by 1155.
1
What is the remainder when 1112918 is divided by 1009?
1000
Calculate the remainder when 101920 is divided by 151.
146
What is the remainder when 6002 is divided by 984?
98
What is the remainder when 53731 is divided by 149?
91
What is the remainder when 12342 is divided by 726?
0
Calculate the remainder when 5752 is divided by 2835.
82
What is the remainder when 47189 is divided by 103?
15
Calculate the remainder when 218 is divided by 107.
4
What is the remainder when 17064 is divided by 371?
369
What is the remainder when 49699 is divided by 28?
27
Calculate the remainder when 2152999 is divided by 361.
356
Calculate the remainder when 941722 is divided by 37.
35
What is the remainder when 5657 is divided by 610?
167
What is the remainder when 20384 is divided by 3395?
14
Calculate the remainder when 31472 is divided by 6257.
187
Calculate the remainder when 27012 is divided by 510.
492
What is the remainder when 419 is divided by 184?
51
Calculate the remainder when 9300 is divided by 179.
171
Calculate the remainder when 1501130 is divided by 335.
330
Calculate the remainder when 19211 is divided by 1746.
5
Calculate the remainder when 363887 is divided by 30.
17
What is the remainder when 11662 is divided by 105?
7
What is the remainder when 3235 is divided by 1077?
4
Calculate the remainder when 4518 is divided by 903.
3
What is the remainder when 2749 is divided by 1374?
1
Calculate the remainder when 240 is divided by 104.
32
Calculate the remainder when 21997 is divided by 50.
47
What is the remainder when 121398 is divided by 100?
98
Calculate the remainder when 15313 is divided by 511.
494
What is the remainder when 1498 is divided by 259?
203
What is the remainder when 14559 is divided by 260?
259
What is the remainder when 7122 is divided by 483?
360
What is the remainder when 697 is divided by 422?
275
What is the remainder when 44452 is divided by 1277?
1034
Calculate the remainder when 22091 is divided by 7.
6
What is the remainder when 501973 is divided by 23?
21
Calculate the remainder when 237692 is divided by 28.
0
Calculate the remainder when 3100 is divided by 37.
29
Calculate the remainder when 25641 is divided by 179.
44
Calculate the remainder when 3838 is divided by 61.
56
Calculate the remainder when 11333 is divided by 1304.
901
Calculate the remainder when 3178 is divided by 212.
210
What is the remainder when 100839 is divided by 7?
4
Calculate the remainder when 226777 is divided by 290.
287
Calculate the remainder when 6093 is divided by 1991.
120
Calculate the remainder when 34998 is divided by 64.
54
What is the remainder when 33269 is divided by 69?
11
What is the remainder when 30547 is divided by 65?
62
Calculate the remainder when 15641 is divided by 180.
161
Calculate the remainder when 3543 is divided by 126.
15
What is the remainder when 26131 is divided by 60?
31
Calculate the remainder when 45346 is divided by 28.
14
What is the remainder when 15544 is divided by 1727?
1
Calculate the remainder when 2335 is divided by 602.
529
Calculate the remainder when 4318 is divided by 618.
610
Calculate the remainder when 35426 is divided by 2528.
34
What is the remainder when 25997 is divided by 476?
293
What is the remainder when 12483 is divided by 12?
3
Calculate the remainder when 39915 is divided by 665.
15
Calculate the remainder when 